- 16. What are the prime factors of r?
2
Suppose u = -3*u + 144. List the prime factors of u.
2, 3
List the prime factors of 4/14 + 131/7.
19
Let x(p) = -26*p - 9. What are the prime factors of x(-3)?
3, 23
Suppose 0 = r + 3*r. Suppose 3*c - 15 = -0. Suppose r = -c*l + 20 + 15. What are the prime factors of l?
7
Let g = -9 + 21. List the prime factors of (-4)/((-64)/g)*48.
2, 3
Let c(z) = z + 9. Suppose -4*x - 2*d - 4 = d, -4*x = -3*d + 28. Let f be c(x). Suppose -3*k + 0*w - 5*w = -19, 5*k + f*w - 25 = 0. List the prime factors of k.
3
Let g(q) be the second derivative of 2*q**3/3 + 2*q. What are the prime factors of g(1)?
2
Let f = 14 - 20. Let i be 2 - 5 - f - 41. List the prime factors of i/(-2) - 3 - -2.
2, 3
Let h = -4 + 9. Suppose 2*f + 0*f = 0. Suppose h*t - 25 = -f. What are the prime factors of t?
5
Suppose -j + 22 = -13. List the prime factors of j.
5, 7
Let w be 36/24 + (-10)/(-4). Suppose -4*y = -12, -3*m + w*y = -3 - 75. What are the prime factors of m?
2, 3, 5
Suppose 3*k - 7*k = 0. Suppose -5*r = -k*r - 85. List the prime factors of r.
17
Let r = 278 - 180. List the prime factors of r.
2, 7
Suppose -28 = -l - 3*l. Let c be 5/(5/(-2)) + l. Suppose q - c - 1 = 0. List the prime factors of q.
2, 3
Let b = -47 + 70. List the prime factors of b.
23
Let p(w) = 13*w**3 + 2*w**2 + w - 2. What are the prime factors of p(2)?
2, 7
What are the prime factors of (10995/35)/3 + 6/21?
3, 5, 7
Let y = -3 + 5. Suppose 0 = -y*h + 2 + 2. Suppose 2 = g - h. What are the prime factors of g?
2
Let v(i) = i**2 + 10*i + 23. List the prime factors of v(9).
2, 97
List the prime factors of ((-30)/(-8))/(4 + (-2164)/544).
2, 5, 17
Suppose 0*u = 5*h + 2*u - 4, u + 9 = 3*h. What are the prime factors of h + ((-22)/(-2) - 2)?
11
What are the prime factors of (133/(-171) - 2/9)*-218?
2, 109
Let w(q) = -q**3 - 6*q**2. Let x be w(-6). Suppose z + 129 = 4*l + 2*z, -2*z + 10 = x. List the prime factors of l.
31
Let f(n) be the third derivative of 4*n**2 + 1/6*n**4 + 0*n - 1/60*n**5 + 0*n**3 + 0. What are the prime factors of f(3)?
3
Let a = -132 - -207. List the prime factors of a.
3, 5
Suppose 3*k + 27 = 3*p, 4*p + 3*k = p + 51. Suppose p = -b + 3. Let l = 22 + b. What are the prime factors of l?
2, 3
Let h(v) = v + 32. List the prime factors of h(-10).
2, 11
Let r be 9 + 0 + (2 - 3). Let z be ((-2)/(-4))/((-4)/(-32)). What are the prime factors of r/(z/(3 - 1))?
2
Let p(q) = 15*q**2 - 2*q + 1. List the prime factors of p(1).
2, 7
Let h(k) be the third derivative of k**5/60 - k**4/6 + k**3/2 + 2*k**2. Let z = -1 + 6. List the prime factors of h(z).
2
Let b = -14 - -19. Suppose 3*y - 3*i - 2*i - 80 = 0, -b*y = -2*i - 146. List the prime factors of y.
2, 3, 5
Let u = 1 + 1. Suppose -3*x + 35 = 2*h + u*h, 5 = -3*x + 4*h. Suppose x*d - 9 = 26. What are the prime factors of d?
7
Suppose 0 = -2*z - 0 + 20. List the prime factors of z.
2, 5
Suppose 0 = -3*c + 19 - 4. Suppose -2*m = -w - 3 - 8, 13 = -4*m - c*w. Suppose 5*l = -4*p + 26, 5*l - p - m*p = -6. What are the prime factors of l?
2
Suppose -3*n - 3*k = -18, 4*n - 2*n - 2*k - 20 = 0. List the prime factors of n.
2
Let z = -13 - -8. Let n(o) = -o**2 - 6*o - 3. Let w be n(z). Suppose -4*t - w*h + 16 = 0, -3 = -t + 2*t + 4*h. List the prime factors of t.
5
Suppose 0*s + 4*z = 3*s - 171, -3*s + 5*z + 174 = 0. List the prime factors of s.
53
Let q = 257 + 5. List the prime factors of q.
2, 131
Let p = -4 - -2. Let r be (-28)/(-8) - (-1)/p. Suppose -4*d = -6*d + r*k + 19, 5*d = -k + 5. What are the prime factors of d?
2
Suppose t = 3*t + 2. Let p be t*(2 + 8/(-2)). Suppose 0*x = p*x - 16. List the prime factors of x.
2
Suppose s + 28 = 5*s + 4*h, 2*h = 4. Suppose l - 2*r + 136 = 4*l, -s*l + 227 = 3*r. What are the prime factors of l?
2, 23
Let c = 7 + -7. Suppose -3*h = -21 - c. What are the prime factors of h?
7
Suppose -5*k = -82 - 18. List the prime factors of -2 - (6/3 - k).
2
Suppose 5*t = -0*t. Suppose 7*a - 5*a - 60 = t. List the prime factors of a.
2, 3, 5
Let a(x) be the second derivative of x**4/12 - 3*x**3/2 - 3*x**2 + 2*x. Let l be a(9). List the prime factors of l*(-3 + 4/2).
2, 3
Let q(r) = -13 - r + 34 - r**2 + 0*r. Let s be q(0). Let a = s + -10. List the prime factors of a.
11
Suppose 4*j - 4*h = 460, -4*h - 22 = 5*j - 615. What are the prime factors of j?
3, 13
Suppose 0*b = -4*b + 44. Let p = b - 7. What are the prime factors of 4 - (2 - (-3 + p))?
3
Let t = -123 + 203. List the prime factors of t.
2, 5
Let m = 212 + -50. What are the prime factors of m?
2, 3
Let v(k) = k**3 - 2*k**2 + 2*k - 1. Let x be v(2). Suppose -4*m + o + 215 = 54, 5*m + x*o = 180. List the prime factors of m.
3, 13
List the prime factors of ((-174)/1)/(-3) - -1.
59
Suppose -3*s - 19 = -97. What are the prime factors of s?
2, 13
Let j(m) = 3*m + 7. Suppose -3 = -3*n + 12. Let x be j(n). Let d = 35 - x. List the prime factors of d.
13
Suppose 1234 = 4*x + 2*h, -x - 1570 = -6*x + 3*h. What are the prime factors of x?
311
Let l = -4 + 19. List the prime factors of l.
3, 5
Let p = -1 - -1. Let w = 25 + -11. Suppose l + p*l = w. List the prime factors of l.
2, 7
Let m(z) = z**2 - 6*z + 8. Let b be m(6). Let p(k) be the third derivative of -k**5/60 + 3*k**4/8 - k**3/2 + 2*k**2. List the prime factors of p(b).
5
Let o(l) = 29*l**3 + l - 1. What are the prime factors of o(1)?
29
What are the prime factors of (5 + 97/(-5))*(-20)/6?
2, 3
Let f = 6 - 5. Let s be 0/f - (-6)/3. Suppose -s*b + 24 = -0*b. List the prime factors of b.
2, 3
Let g = 10 - 13. List the prime factors of 31 - (1 + 2) - g.
31
Let u(k) = -k**3 - 7*k**2 - 2*k + 7. Let d be u(-5). Let m = d + 64. What are the prime factors of m?
31
What are the prime factors of 16 + 4 + 1 + 0?
3, 7
Let d(i) = -i**3 + 7*i**2 + 9*i. Let f(q) = -q + 2. Let k be f(-6). Let x be d(k). Suppose -p + 15 = 2*p, x = -v + 4*p. What are the prime factors of v?
2, 3
Suppose -c = -5*c - 24. List the prime factors of 97/9 + c/(-27).
11
Suppose 16 = 3*o - 17. What are the prime factors of o?
11
Let t = -16 + 33. List the prime factors of t.
17
Suppose 5 = 5*j - 0. What are the prime factors of j/1*(-2 + 12)?
2, 5
Suppose -3*j = -1 - 2. Let a(l) = 5*l**2 - l. Let m be a(j). Suppose 5*d + 27 = 3*g, m*g - 1 = -d - 4*d. What are the prime factors of g?
2
Let c be (6/9)/(1/3). Suppose 5*t + n - c*n = 100, -3*n = -t + 20. Suppose -4*r + 8 = -t. List the prime factors of r.
7
List the prime factors of 39/((10/(-120))/(1/(-3))).
2, 3, 13
Suppose -7*s + 0*s = -266. List the prime factors of s.
2, 19
Let t(d) = -d**2 - 9*d - 3. Let x be (-9)/(-18) + (-34)/4. What are the prime factors of t(x)?
5
Let m(h) = 14*h + 1. Let w = -8 + 9. Let j be m(w). Suppose k = -2*k + j. List the prime factors of k.
5
Let f = 15 - 9. Suppose 4*z + f = 18. What are the prime factors of z*-4*30/(-40)?
3
Let s(v) = -v**2 + 2. Let u be s(2). Let z be (-1)/(-2*u/72). Let j = 25 + z. What are the prime factors of j?
7
Let y(f) = 3*f**2 + 2*f + 1. Let x be y(-1). Suppose 2*a = x*k - 0*a - 12, -2*k - 3*a = -22. What are the prime factors of k?
2
Let d be (-1)/(-4) - 19/(-4). Suppose 0 = 5*t - 12 - 13. Suppose 0 = t*y - d*i - 30, 0 = -4*y - 5*i - 5 - 7. What are the prime factors of y?
2
Let p be 146/10 - 2/(-5). Suppose 4*u + p = 3*g - 7, 5*u - 10 = 0. List the prime factors of g.
2, 5
Let c be 0 + 12/3 - 0. Let y = 31 - c. Suppose -a = 2*a - y. What are the prime factors of a?
3
Let f(b) be the second derivative of b**3/2 - 3*b**2/2 + 2*b. Let a be f(2). Suppose -a*p - 10 - 5 = -2*k, -6 = 2*k + 4*p. What are the prime factors of k?
3
Suppose 6 = 5*o - 34. Suppose -i + 3 = 2*h, -5*h - 3*i + o - 1 = 0. List the prime factors of h.
2
Let o = -9 - -9. What are the prime factors of (o + 8)/(0 + 2)?
2
Let k(s) = -s + 4. Let p = 18 - 13. Let n be k(p). List the prime factors of 6 - (n - 2*-1).
5
Let n(g) = 8*g + 1. Let z(r) = 9*r + 2. Let u(o) = 6*n(o) - 5*z(o). What are the prime factors of u(6)?
2, 7
Let m = -2 - -4. Suppose -3*t = -t. Suppose t = m*i - 5*i + 48. List the prime factors of i.
2
Suppose 5*w - w - 20 = 0. Suppose 0 = 2*j - 2*u - 0*u - 78, 4*j - w*u = 158. List the prime factors of j.
37
Let h = 6 - -24. What are the prime factors of h?
2, 3, 5
Let k(y) = 56*y - 83. List the prime factors of k(9).
421
Suppose 2*f = -4*d - 38 